. What is j(0)?
-6
Let q(v) = 3*v + 2. Let x be q(1). Let n(l) be the third derivative of l**4/24 + 5*l**3/6 + 5*l**2. Determine n(x).
10
Let q(g) = -11*g**3 + 2*g**2 + g. Let t be q(-1). Let z(n) = n**2 - 12*n + 2. Let a be z(t). Let p(r) = 0*r + 3 + 3*r**a - 3*r - 3*r - 2*r**2. What is p(3)?
-6
Suppose -4 = -11*s + 9*s. Suppose y - 5*n = 25, -3*n = s*y - 5*y + 27. Let u(t) be the second derivative of t**4/12 - 2*t**3/3 - t. What is u(y)?
5
Suppose f - 4*n - 17 = 0, 2*n = -5*f - 8 + 181. Suppose -f*a + 31*a = -8. Let i(v) = -v**3 + 5*v**2 - 3*v - 5. Calculate i(a).
-1
Let x(i) = 229*i + 229*i + 233*i - 926*i - 1 + 229*i. Let g = -1 + 4. Suppose -g = -3*n - 0. Give x(n).
-7
Let o(s) = -s**3 + 2*s**2 - 10. Let i(p) = 3*p**3 - 7*p**2 + 29. Let r(h) = -6*i(h) - 17*o(h). What is r(8)?
-4
Let s = 46 - 41. Let c(l) = s - 4 + 7*l + 0 - 2*l**2 + 3*l**2. Determine c(-7).
1
Let v(u) = -u**2 - u + 1. Let t = -4 - 2. Let o be 0 - -4*(-3)/t. Calculate v(o).
-5
Let c(f) = 48*f + 11. Let m(h) = 29*h + 6. Let i(b) = -6*c(b) + 10*m(b). Determine i(0).
-6
Let u(t) be the first derivative of t**4/4 - 2*t**3/3 + 3*t**2/2 - 3*t - 4. Let r = -708 + 710. Give u(r).
3
Let p(o) be the first derivative of 3*o**2 + 34*o - 501. Calculate p(-7).
-8
Let n = 2 + 3. Let j(f) = -f - 1. Give j(n).
-6
Let o(v) be the third derivative of -v**4/24 + 3*v**2 + 8*v. Give o(3).
-3
Let a(g) be the second derivative of -g**3/2 + 4*g**2 + 4*g. Let y(k) = 5*k - 16. Let b(p) = -7*a(p) - 4*y(p). Calculate b(-6).
2
Let c(u) = 8*u**2 + 1. Let w be c(0). Let x(h) = 4*h - 2. Determine x(w).
2
Let v(d) = -5*d - 2 - 3*d**3 - 4*d**3 - 5*d**3 + 4*d**2 + 13*d**3. Calculate v(-6).
-44
Let l = 27 + -12. Let v = 14 - l. Let o(g) = 3*g**3 - 2*g**2 - 2*g - 1. Give o(v).
-4
Let k(i) be the first derivative of i**3/3 + i**2 - 11*i - 1. Let a be k(-5). Suppose 0 = a*c + 8. Let r(o) = -5*o - 3. Calculate r(c).
7
Let z(r) = 3*r**2 - 12*r + 11. Let c be z(4). Let f(w) = 14*w**2 + 8*w - 14. Let u(o) = 5*o**2 + 3*o - 5. Let b(m) = c*u(m) - 4*f(m). Determine b(-2).
-5
Suppose 0 - 6 = -2*p. Let o(y) = -4*y + 1. Let j(f) = 2*f. Let d = -7 + 5. Let x(m) = d*o(m) - 5*j(m). Give x(p).
-8
Let o(i) = 2*i + 3. Suppose -12 = -3*l, 4*l - l = 3*r + 9. Determine o(r).
5
Let l(g) = 11*g**2 - 12*g + 0*g + 12 + g - g**2 - 8*g**2. Give l(4).
0
Let g(f) = -f**3 + f**2 - f - 7. Let z = -10 - -15. Suppose z*s - 32 = -4*a - 5, 0 = -4*a - 4*s + 24. Suppose -d - a*d = 2*y - 8, 2*d - y = -4. What is g(d)?
-7
Let a(n) = 3*n**3 + 1 + 974*n**2 - 971*n**2 + 0 - 7*n**3 - n. What is a(2)?
-21
Let w = 812 - 817. Let a = 1 + -6. Let d(n) = 6*n**3 + n**2 + 5*n - 2. Let m(o) = -o**3 + o**2. Let q(p) = a*m(p) - d(p). Give q(w).
2
Let c be (10/(-5) + 8)*1. Let w(p) = -c + p + 13 - 11. Give w(-6).
-10
Let u(r) = -r**2. Let s(c) = -5*c**2 + 10*c + 22. Let f(y) = s(y) - 6*u(y). Give f(-6).
-2
Let u be ((-5)/5)/((-3)/(-18)). Let y(t) be the first derivative of 2 - 7*t - 1/2*t**2. What is y(u)?
-1
Let i(b) = 3*b**2 - 9*b - 16. Let j(z) = z**2 - 3*z - 5. Let a(o) = -2*i(o) + 7*j(o). Let c be 2*(-2*1)/2. Determine a(c).
7
Let z(b) be the first derivative of 7*b**3/3 + b**2 + b - 42. Determine z(-1).
6
Let y be -12*(28/16 + 0). Let c = 15 + y. Let n(f) = 2*f + 0 - 7 + f**3 + 11*f**2 - 5*f**2. What is n(c)?
-19
Let s(n) = 2*n + 17. Let o(f) = -3*f - 16. Let t(q) = -7*o(q) - 6*s(q). Give t(-2).
-8
Let u = -30 + 39. Let r(i) = -3 + 4*i - 16*i**3 - 4*i**2 + 9*i**3 + u*i**3. Let f(w) = 3*w**2 - 1. Let d be f(1). Determine r(d).
5
Let n be (0 + -4)*3/2. Let k be 1/((-9)/n)*6. Let m(f) = 3 - 2*f - 2 - 1. Calculate m(k).
-8
Let w(g) be the third derivative of g**5/30 - g**4/8 + g**3/3 + 21*g**2. Calculate w(2).
4
Let v(g) be the first derivative of -1/6*g**4 - 1 + 1/6*g**3 + 1/60*g**5 + g**2 + 0*g. Let i(f) be the second derivative of v(f). Give i(4).
1
Let l be (-2 - 5) + 84/6. Let j(r) = -r**2 + 8*r - 7. What is j(l)?
0
Let m = -259 + 264. Let z(x) be the third derivative of 1/12*x**4 - m*x**2 + 0*x + 0 + 1/6*x**3. Give z(-1).
-1
Let u(q) = 2*q**2 + 34*q + 13. Let n be u(-17). Let y(h) = h**2 - 2*h - 8. Let k be y(6). Let w = n - k. Let i(p) = 5*p + 3. Calculate i(w).
-12
Let i(l) = -l**3 + 5*l**2 + l - 2. Let x be 4/22 + (-20)/(-11). Suppose x*o = o - 3. Let m(z) = -4*z - 7. Let g be m(o). What is i(g)?
3
Let p(b) be the third derivative of -10*b**2 - 1/24*b**4 + 0 + 0*b + 1/120*b**6 - 1/60*b**5 - 1/3*b**3. Suppose 0 = 3*y + 2*y. What is p(y)?
-2
Let f = 2239 - 2228. Let r(p) = -p**2 + 9*p + 11. Calculate r(f).
-11
Let h(j) = j**2 + 5*j + 3. Suppose -6 = 4*a + 30. Let z be 9/(-6) + a/6. Let k be 2/6 - (-19)/z. Determine h(k).
9
Suppose 3*n - 19 = -4*u + 13, 0 = 3*n - u - 7. Let m(b) = -b. Let c(l) be the third derivative of l**4/8 - l**3 - 3*l**2. Let d(y) = n*m(y) + c(y). Give d(-6).
0
Let z be (-1 - 2)*(-72)/(-27). Let s(g) = -7*g + 0 - 2386*g**2 - 11 + 2385*g**2. Determine s(z).
-19
Let q(i) = 3*i**3 - 12*i**2 + 3*i + 23. Let z(y) = 8*y**3 - 35*y**2 + 9*y + 68. Let d(x) = -11*q(x) + 4*z(x). Give d(-8).
-5
Let o(x) be the second derivative of 7*x**4/12 - x**2/2 - 611*x + 1. Suppose 2*p - p + 2 = 0. Give o(p).
27
Let r(l) = l**3 + l - 4. Let o be r(0). Let s(k) = -7*k - 4. Let z(x) = -x - 1. Let h(d) = o*z(d) + s(d). Let u(a) = a + 1. Let g be u(-2). What is h(g)?
3
Suppose -3*n + 6 = t, -n - n + 4 = -4*t. Suppose -8 = -w - 4*j, -4*j - 16 = -n*w - 0*w. Let c(m) = -2*m + 9. What is c(w)?
-7
Suppose 10*r - 34 = 8*r. Suppose 11*p - r*p = -24. Let k(l) = -l**3 + 3*l**2 + 2*l. Determine k(p).
-8
Let a(c) = -c + 7. Let b be a(6). Let l(w) = 2*w**3 - 6*w**2 + 5*w + 5. Let f(n) = -n**3 - n + 1. Let s(o) = b*l(o) + 3*f(o). Give s(-6).
-4
Suppose o - 5 + 1 = 0. Let t(l) be the first derivative of l**5/40 - l**4/4 - l**3 - 4. Let r(s) be the third derivative of t(s). Calculate r(o).
6
Let g(o) = o + 5. Suppose -16 = 7*w - 9*w. Let k(u) = u**3 - 7*u**2 - 8*u - 8. Let l be k(w). Let b = -8 - l. Determine g(b).
5
Let x(m) = -3*m**3 + 8*m**2 + 8*m + 6. Let t(j) = 17*j**3 - 40*j**2 - 40*j - 29. Let b(p) = -2*t(p) - 11*x(p). Suppose a + 3 = -4. Determine b(a).
-1
Suppose -6 = -3*f, f + 8 = -x + 3*x. Suppose -53 - 22 = x*w. Let o be ((-6)/18)/((-1)/w). Let s(v) = v**3 + 6*v**2 + 5*v + 3. Give s(o).
3
Let s(v) = -18*v**2 - 7*v - 2. Let u(d) be the first derivative of -10*d**3/3 - 2*d**2 - d - 29. Let h(i) = 6*s(i) - 11*u(i). Let l = -1 + 2. Give h(l).
3
Let c = -21 + 28. Suppose 0 = q - c*q + 6. Suppose 3*n = 11 + q. Let b(l) = l**3 - 4*l**2 - 4*l + 5. What is b(n)?
-11
Let i = 0 - -2. Let m(t) = -i*t + 3 - 2 - 4. Let u = 11 - 17. Give m(u).
9
Let i = 34 - 32. Let y(a) = -a + a + a**2 + 3*a - a**3 + 0*a - 3. What is y(i)?
-1
Let v(k) = -k**2 + 10*k + 11. Suppose -2*w - 5 = -g, 5*w + 38 = 4*g + 3*w. Calculate v(g).
0
Let z(x) = x - 1. Let r = -61 - -102. Let j = r + -41. What is z(j)?
-1
Let a(i) = i**2 + 1. Let q be a(0). Let j(b) = 19*b**3 - 10*b**2 + b - 1. Let w(f) = -20*f**3 + 12*f**2 - f + 1. Let k(t) = -6*j(t) - 5*w(t). Calculate k(q).
-14
Let y(r) = 2*r**2 + r**2 - 2 - r + 7 - 4. Let w(s) = 4*s**2 + 1 + s**2 + 1 - 2*s. Let q(a) = 4*w(a) - 7*y(a). Give q(-2).
-1
Suppose -4*z + 8*z - 208 = -5*i, 0 = -i - z + 42. Let b(p) = 42*p**2 + 1 - 2 - i*p**2. Determine b(-2).
7
Let o(p) = 3*p**2 + p + 1. Let j(s) = -17*s**2 - 17*s - 8. Let h(a) = j(a) + 5*o(a). Determine h(-6).
-3
Let r(d) = 55 - 12*d**2 - d**3 - 58 + 3*d + 12*d**2. Suppose 0*x = -3*x - 9. Calculate r(x).
15
Let b(a) be the third derivative of -a**6/180 + a**5/60 + a**4/8 - 41*a**3/6 - 13*a**2. Let l(q) be the first derivative of b(q). Give l(3).
-9
Let w(l) = 3 + 13 - l - 24 + 27. Calculate w(13).
6
Let w(x) = -9 - 11578*x - 3*x**2 + 11568*x + 2*x**2. Give w(-11).
-20
Let p(a) = -a**2 + 4*a + 2. Let l be (-31 + 12 + 22)*(-8)/6. Determine p(l).
-30
Let h be 24/(-108) - (-430)/(-9). Let k be (-5)/1*h/40. Let t(l) = -3 + 9*l + 2 - 27*l**2 - k + l**3 + 19*l**2. Calculate t(7).
7
Suppose 2*i - 6 = t, -t - 3*t + 2*i = 0. Suppose 0 = t*n + 3*n - 40. Let b(z) = -2 + 5*z**2 - n*z**2 + 4*z**2 + 5*z. Determine b(-6).
4
Let d(j) be the third derivative of j**5/60 + j**4/8 - 2*j**3/3 + 2*j**2. Let b = 455 + -459. Calculate d(b).
0
Let m(y) = y + y + 5068*y**2 - 6 - y**3 - 5064*y**2. Determine m(6).
-66
Let h(g) = g**2 + g 